34747?
2
What is the millions digit of 25506694?
5
What is the hundreds digit of 30458?
4
What is the thousands digit of 13061950?
1
What is the thousands digit of 156634?
6
What is the ten thousands digit of 4402622?
0
What is the tens digit of 257009?
0
What is the hundred thousands digit of 4342784?
3
What is the hundreds digit of 3204?
2
What is the hundreds digit of 626665?
6
What is the units digit of 20065?
5
What is the units digit of 16328772?
2
What is the hundreds digit of 210750?
7
What is the tens digit of 31476019?
1
What is the thousands digit of 667172?
7
What is the tens digit of 9243337?
3
What is the tens digit of 147660?
6
What is the tens digit of 5887549?
4
What is the hundred thousands digit of 14160863?
1
What is the tens digit of 51644?
4
What is the hundred thousands digit of 25115276?
1
What is the hundreds digit of 480177?
1
What is the units digit of 1029689?
9
What is the thousands digit of 8455807?
5
What is the hundred thousands digit of 2436525?
4
What is the thousands digit of 149284?
9
What is the hundred thousands digit of 553600?
5
What is the tens digit of 4439434?
3
What is the hundreds digit of 24510479?
4
What is the units digit of 399756?
6
What is the tens digit of 2441399?
9
What is the hundred thousands digit of 124371?
1
What is the ten thousands digit of 2105157?
0
What is the thousands digit of 810045?
0
What is the tens digit of 1281342?
4
What is the thousands digit of 1026028?
6
What is the tens digit of 2779550?
5
What is the hundred thousands digit of 641744?
6
What is the hundreds digit of 5309455?
4
What is the ten millions digit of 13264132?
1
What is the hundred thousands digit of 898801?
8
What is the millions digit of 4334053?
4
What is the hundreds digit of 589060?
0
What is the hundred thousands digit of 1391102?
3
What is the thousands digit of 226298?
6
What is the tens digit of 8087771?
7
What is the tens digit of 92182?
8
What is the hundreds digit of 527?
5
What is the tens digit of 232441?
4
What is the tens digit of 14614692?
9
What is the hundred thousands digit of 261945?
2
What is the units digit of 3222752?
2
What is the units digit of 6264408?
8
What is the hundred thousands digit of 195045?
1
What is the units digit of 169432?
2
What is the ten millions digit of 10029311?
1
What is the thousands digit of 1055855?
5
What is the units digit of 6516000?
0
What is the thousands digit of 102780?
2
What is the tens digit of 230307?
0
What is the ten millions digit of 16022098?
1
What is the units digit of 35756751?
1
What is the ten millions digit of 10080723?
1
What is the units digit of 56403?
3
What is the hundreds digit of 17151319?
3
What is the hundred thousands digit of 5597837?
5
What is the tens digit of 1533139?
3
What is the thousands digit of 3329705?
9
What is the ten thousands digit of 227796?
2
What is the thousands digit of 950155?
0
What is the hundreds digit of 211904?
9
What is the hundred thousands digit of 1354839?
3
What is the units digit of 799980?
0
What is the hundreds digit of 632100?
1
What is the thousands digit of 23526150?
6
What is the ten thousands digit of 3318504?
1
What is the units digit of 9108128?
8
What is the thousands digit of 6263092?
3
What is the tens digit of 14601868?
6
What is the tens digit of 13371792?
9
What is the units digit of 29852067?
7
What is the thousands digit of 656223?
6
What is the hundreds digit of 6928174?
1
What is the ten millions digit of 17642760?
1
What is the thousands digit of 440529?
0
What is the units digit of 528480?
0
What is the hundred thousands digit of 4750296?
7
What is the hundreds digit of 6757070?
0
What is the tens digit of 2461432?
3
What is the tens digit of 40412?
1
What is the hundred thousands digit of 4142798?
1
What is the tens digit of 8951679?
7
What is the units digit of 1029721?
1
What is the ten millions digit of 29917930?
2
What is the hundreds digit of 494629?
6
What is the ten thousands digit of 411444?
1
What is the thousands digit of 6005840?
5
What is the thousands digit of 2724670?
4
What is the tens digit of 477044?
4
What is the ten thousands digit of 296992?
9
What is the ten thousands digit of 8903578?
0
What is the millions digit of 8991852?
8
What is the ten millions digit of 10071860?
1
What is the hundred thousands digit of 2051271?
0
What is the ten thousands digit of 1818520?
1
What is the thousands digit of 6671247?
1
What is the units digit of 9672752?
2
What is the thousands digit of 57922?
7
What is the millions digit of 2919662?
2
What is the tens digit of 1453469?
6
What is the tens digit of 917543?
4
What is the thousands digit of 6377267?
7
What is the millions digit of 1676524?
1
What is the units digit of 154983?
3
What is the millions digit of 1022089?
1
What is the ten thousands digit of 35501?
3
What is the units digit of 2666749?
9
What is the millions digit of 4294764?
4
What is the hundreds digit of 8155649?
6
What is the thousands digit of 19048297?
8
What is the hundreds digit of 274058?
0
What is the millions digit of 1575717?
1
What is the hundreds digit of 7183113?
1
What is the tens digit of 736229?
2
What is the tens digit of 16673254?
5
What is the hundred thousands digit of 187184?
1
What is the thousands digit of 4614800?
4
What is the millions digit of 3491633?
3
What is the units digit of 114236?
6
What is the hundred thousands digit of 7076580?
0
What is the millions digit of 3138045?
3
What is the ten thousands digit of 13879401?
7
What is the ten thousands digit of 730586?
3
What is the hundred thousands digit of 326578?
3
What is the units digit of 440087?
7
What is the hundreds digit of 6785400?
4
What is the hundred thousands digit of 6153930?
1
What is the hundreds digit of 2773977?
9
What is the hundreds digit of 17398794?
7
What is the hundreds digit of 7153176?
1
What is the tens digit of 8982096?
9
What is the units digit of 122168?
8
What is the thousands digit of 36646?
6
What is the ten thousands digit of 266812?
6
What is the units digit of 1037119?
9
What is the units digit of 14440169?
9
What is the ten millions digit of 16890792?
1
What is the hundred thousands digit of 1519565?
5
What is the units digit of 7640757?
7
What is the thousands digit of 126687?
6
What is the tens digit of 403916?
1
What is the millions digit of 3468027?
3
What is the ten thousands digit of 552784?
5
What is the hundred thousands digit of 18712325?
7
What is the units digit of 155337?
7
What is the thousands digit of 1596996?
6
What is the units digit of 865391?
1
What is the millions digit of 16440348?
6
What is the hundred thousands digit of 4551649?
5
What is the ten thousands digit of 19247027?
4
What is the tens digit of 4780457?
5
What is the ten thousands digit of 19139?
1
What is the ten thousands digit of 8235075?
3
What is the hundreds digit of 18026?
0
What is the units digit of 1299041?
1
What is the tens digit of 279403?
0
What is the hundred thousands digit of 25604084?
6
What is the hundred thousands digit of 291383?
2
What is the hundreds digit of 1847801?
8
What is the tens digit of 466920?
2
What is the ten thousands digit of 4232080?
3
What is the tens digit of 163744?
4
What is the ten thousands digit of 6501238?
0
What is the hundred thousands digit of 263841?
2
What is the hundred thousands digit of 298693?
2
What is the tens digit of 166932?
3
What is the hundreds digit of 66305?
3
What is the ten thousands digit of 241147?
4
What is the hundred thousands digit of 2254056?
2
What is the tens digit of 25801?
0
What is the hundreds digit of 18477861?
8
What is the ten thousands digit of 803791?
0
What is the thousands digit of 4735948?
5
What is the units digit of 190839?
9
What is the tens digit of 5294752?
5
What is the units digit of 1001109?
9
What is the hundred thousands digit of 129103?
1
What is the ten thousands digit of 9317705?
1
What is the tens digit of 4701277?
7
What is the ten thousands digit of 101386?
0
What is the thousands digit of 9691343?
1
What is the thousands digit of 1279945?
9
What is the hundreds digit of 377301?
3
What is the hundreds digit of 8094422?
4
What is the hundreds digit of 44539?
5
What is the thousands digit of 2433467?
3
What is the hundred thousands digit of 165453?
1
What 